e prime factors of 4102952.
2, 7, 41, 1787
List the prime factors of 205044.
2, 3, 7, 2441
What are the prime factors of 293950?
2, 5, 5879
List the prime factors of 415546.
2, 173, 1201
What are the prime factors of 302871?
3, 100957
List the prime factors of 271861.
271861
What are the prime factors of 1931736?
2, 3, 80489
List the prime factors of 4160822.
2, 131, 15881
What are the prime factors of 5173352?
2, 646669
What are the prime factors of 6489821?
13, 67, 7451
What are the prime factors of 631547?
7, 83, 1087
List the prime factors of 551007.
3, 61223
List the prime factors of 269651.
269651
List the prime factors of 28885.
5, 53, 109
What are the prime factors of 8111386?
2, 479, 8467
List the prime factors of 1836960.
2, 3, 5, 43, 89
List the prime factors of 11787841.
13, 906757
List the prime factors of 5749081.
13, 442237
List the prime factors of 881043.
3, 293681
What are the prime factors of 116444?
2, 43, 677
What are the prime factors of 3314024?
2, 7, 23, 31, 83
List the prime factors of 454593.
3, 151531
What are the prime factors of 1128697?
1128697
What are the prime factors of 4688714?
2, 37, 63361
What are the prime factors of 614259?
3, 131, 521
List the prime factors of 6502787.
37, 181, 971
List the prime factors of 339027.
3, 13, 8693
What are the prime factors of 763815?
3, 5, 13, 3917
List the prime factors of 50581.
50581
List the prime factors of 2509064.
2, 17, 19, 971
List the prime factors of 4874130.
2, 3, 5, 31, 1747
What are the prime factors of 763558?
2, 293, 1303
List the prime factors of 350497.
7, 23, 311
List the prime factors of 6208362.
2, 3, 344909
List the prime factors of 36733145.
5, 877, 8377
List the prime factors of 548489.
548489
What are the prime factors of 7678770?
2, 3, 5, 11, 23269
What are the prime factors of 23415505?
5, 19, 103, 2393
List the prime factors of 1036686.
2, 3, 7, 24683
What are the prime factors of 85960?
2, 5, 7, 307
List the prime factors of 21485974.
2, 37, 290351
List the prime factors of 8378906.
2, 4189453
What are the prime factors of 6909634?
2, 3454817
List the prime factors of 23255439.
3, 17, 455989
What are the prime factors of 331202?
2, 165601
List the prime factors of 15205525.
5, 79, 7699
What are the prime factors of 2474648?
2, 11, 61, 461
What are the prime factors of 8223825?
3, 5, 47, 2333
List the prime factors of 593316.
2, 3, 16481
List the prime factors of 305363.
305363
What are the prime factors of 29848213?
29848213
What are the prime factors of 6609069?
3, 107, 6863
What are the prime factors of 61658?
2, 30829
List the prime factors of 358934.
2, 197, 911
What are the prime factors of 683776?
2, 2671
List the prime factors of 51332.
2, 41, 313
What are the prime factors of 379234?
2, 189617
What are the prime factors of 25222602?
2, 3, 4203767
What are the prime factors of 112801?
13, 8677
What are the prime factors of 699808?
2, 19, 1151
What are the prime factors of 1186496?
2, 18539
What are the prime factors of 18846756?
2, 3, 58169
What are the prime factors of 158339?
191, 829
What are the prime factors of 1418384?
2, 11, 8059
List the prime factors of 3440.
2, 5, 43
What are the prime factors of 1046750?
2, 5, 53, 79
List the prime factors of 144159.
3, 29, 1657
What are the prime factors of 20947699?
4003, 5233
List the prime factors of 341902.
2, 11, 15541
List the prime factors of 4473405.
3, 5, 99409
What are the prime factors of 86875?
5, 139
List the prime factors of 607346.
2, 59, 5147
List the prime factors of 8653296.
2, 3, 41, 4397
List the prime factors of 15617554.
2, 7808777
List the prime factors of 552968.
2, 13, 409
What are the prime factors of 3432493?
173, 19841
List the prime factors of 139290.
2, 3, 5, 4643
List the prime factors of 926819.
926819
What are the prime factors of 8532338?
2, 4266169
What are the prime factors of 14996054?
2, 19, 394633
What are the prime factors of 11499358?
2, 13, 442283
List the prime factors of 659737.
13, 19, 2671
What are the prime factors of 13769424?
2, 3, 95621
List the prime factors of 2004387.
3, 7, 11, 8677
List the prime factors of 1301548.
2, 107, 3041
List the prime factors of 5147352.
2, 3, 7, 1459
What are the prime factors of 4062632?
2, 7, 72547
List the prime factors of 4493583.
3, 166429
What are the prime factors of 853363?
7, 121909
List the prime factors of 7088.
2, 443
List the prime factors of 1601095.
5, 320219
List the prime factors of 1882515.
3, 5, 41, 3061
What are the prime factors of 574119?
3, 7, 13, 701
What are the prime factors of 367325?
5, 7, 2099
What are the prime factors of 220962?
2, 3, 7, 5261
What are the prime factors of 559752?
2, 3, 83, 281
List the prime factors of 15037107.
3, 53, 94573
What are the prime factors of 2177042?
2, 7, 23, 6761
What are the prime factors of 144072?
2, 3, 23, 29
List the prime factors of 25572.
2, 3, 2131
What are the prime factors of 19195746?
2, 3, 3199291
List the prime factors of 194843.
11, 17713
What are the prime factors of 5538111?
3, 1846037
List the prime factors of 240195.
3, 5, 67, 239
List the prime factors of 6761146.
2, 7, 41, 11779
What are the prime factors of 62288?
2, 17, 229
List the prime factors of 4004377.
13, 89, 3461
What are the prime factors of 3779438?
2, 13, 61, 2383
List the prime factors of 24381993.
3, 8127331
List the prime factors of 20218453.
41, 493133
List the prime factors of 2102851.
2102851
What are the prime factors of 1085870?
2, 5, 108587
List the prime factors of 191561.
191561
List the prime factors of 961895.
5, 11, 17489
List the prime factors of 2344383.
3, 103, 281
List the prime factors of 316986.
2, 3, 23, 2297
List the prime factors of 15356018.
2, 61, 191, 659
What are the prime factors of 1239634?
2, 11, 29, 67
What are the prime factors of 4517253?
3, 13, 38609
List the prime factors of 8198270.
2, 5, 819827
What are the prime factors of 21116766?
2, 3, 11, 31, 10321
What are the prime factors of 27104556?
2, 3, 2258713
List the prime factors of 397476.
2, 3, 61, 181
List the prime factors of 3759371.
7, 11, 48823
What are the prime factors of 9791189?
9791189
What are the prime factors of 8324314?
2, 4162157
What are the prime factors of 399384?
2, 3, 43
What are the prime factors of 1431749?
11, 73, 1783
What are the prime factors of 1586947?
73, 21739
What are the prime factors of 403039?
7, 13, 43, 103
What are the prime factors of 714752?
2, 349
List the prime factors of 546781.
546781
What are the prime factors of 151404?
2, 3, 11, 31, 37
What are the prime factors of 301742?
2, 7, 3079
List the prime factors of 39467.
61, 647
What are the prime factors of 71808?
2, 3, 11, 17
List the prime factors of 7852532.
2, 1963133
List the prime factors of 7383931.
97, 76123
What are the prime factors of 8277604?
2, 199, 10399
What are the prime factors of 29131549?
29131549
What are the prime factors of 1468805?
5, 13, 59, 383
What are the prime factors of 2071098?
2, 3, 115061
What are the prime factors of 211639?
211639
List the prime factors of 21056486.
2, 11, 179, 5347
List the prime factors of 12066843.
3, 19, 31, 6829
List the prime factors of 2029275.
3, 5, 29, 311
List the prime factors of 2226969.
3, 349, 709
List the prime factors of 460573.
43, 10711
What are the prime factors of 118829?
331, 359
What are the prime factors of 271384?
2, 33923
What are the prime factors of 4835886?
2, 3, 11, 6661
What are the prime factors of 182731?
359, 509
What are the prime factors of 202228?
2, 13, 3889
What are the prime factors of 517185?
3, 5, 1277
List the prime factors of 27852411.
3, 769, 12073
List the prime factors of 25978.
2, 31, 419
What are the prime factors of 16010208?
2, 3, 23, 2417
List the prime factors of 1972265.
5, 394453
List the prime factors of 362756.
2, 23, 3943
What are the prime factors of 5828585?
5, 7, 241, 691
What are the prime factors of 6265633?
11, 569603
List the prime factors of 819054.
2, 3, 45503
List the prime factors of 953218.
2, 7, 68087
What are the prime factors of 25314564?
2, 3, 11, 17, 29, 389
What are the prime factors of 7412890?
2, 5, 719, 1031
What are the prime factors of 112609?
7, 16087
List the prime factors of 1002809.
1002809
List the prime factors of 1266074.
2, 633037
List the prime facto